he thousands digit of f?
9
Suppose 0 = i + 2*b + 15172, -3*i - 33768 - 11798 = -4*b. What is the thousands digit of -1*i/11 - 40/220?
1
Let c = 2975 - -409. Suppose -c = 63*j - 81*j. What is the units digit of j?
8
Let y be (22 - 1)*(-1 - (0 + -2)). Suppose -2*n = 8, 5*n - 1 + y = 4*x. Suppose -c + 0*c + 16 = x. What is the units digit of c?
6
Suppose 102*r = 136758 + 35418. What is the tens digit of r?
8
Let r(t) = -109*t + 334. Let p be r(-33). Let u = -2755 + p. What is the hundreds digit of u?
1
Let d(c) = 366*c + 8. What is the units digit of d(22)?
0
Suppose 0*n - 5*n = 4*u - 164, 5*n + 5*u = 160. Let o be -1*n/(-15)*(-15)/(-6). What is the tens digit of (-14)/21 + 370/o?
6
Suppose -12*b - 119 = -5*b. What is the hundreds digit of ((-204)/(-18))/b*1521/(-2)?
5
Suppose 0 = 365*u - 38*u - 118645 - 158324. What is the units digit of u?
7
Let f = -67 + 64. Let m be (f - -6)/((5 - 4) + 0). What is the hundreds digit of 9/(((-3)/m)/(-15)) + 2?
1
Let j(t) = -t**2 - 23*t + 32. Let o = -28 + 4. Let n be j(o). Suppose -16*q + 304 = -n*q. What is the tens digit of q?
3
Suppose -11*t + 2202 - 11123 = 0. Let b = -258 - t. What is the hundreds digit of b?
5
Suppose 183*h = -5*m + 182*h + 399631, m - 79937 = -2*h. What is the thousands digit of m?
9
Let z = 4822 + -3344. Suppose -9*l = -z - 1285. What is the tens digit of l?
0
Let r(n) = -2*n**3 - 7*n**2 + 7*n + 14. Let l be r(-4). Suppose -3*i = l*b - 3178, 0*b - 2*i = -5*b + 7926. What is the hundreds digit of b?
5
Suppose 12*w - 37219 = 105929. What is the units digit of w?
9
Suppose 0 = z - 3*r - 2491, 10*r - 7*r = -3*z + 7485. What is the units digit of z?
4
Let x(m) = 18*m**2 + 69*m + 11. Let v(n) = -10*n**2 - 34*n - 5. Let k(q) = 7*v(q) + 4*x(q). What is the units digit of k(-26)?
3
Suppose -15*h = -2*d - 20*h + 50240, -h = 0. What is the ten thousands digit of d?
2
Let v be (-9)/((-9)/102*-1). Let s = 152 + -153. Let n = s - v. What is the hundreds digit of n?
1
Suppose -2*i = -5*p + 11, 5*p - 5 = 10. Suppose -3*m + 993 = -5*s, -i*s + 1686 = 5*m - 0*s. What is the units digit of m?
6
Let k(c) = c. Let o(y) be the first derivative of -y**4/4 - 11*y**3/3 - 4*y**2 - 12*y - 7. Let t(v) = 6*k(v) - o(v). What is the tens digit of t(-9)?
4
Let l(v) = 1776*v - 415. What is the ten thousands digit of l(19)?
3
Let f = 51 + -49. Let q be (f - (3 + -3))*(-128)/2. Let a = 217 + q. What is the tens digit of a?
8
Suppose -2*z = l - 14587, 4*l = 8*z - 3*z - 36487. What is the hundreds digit of z?
2
Let g = 36893 + -16425. What is the units digit of g?
8
Let u be ((-3260)/90 + (-2)/(-9))*1. Let f = 39 + u. Suppose -f*l - 5*j = -335, 2*j - 172 = 4*l - 662. What is the hundreds digit of l?
1
Let k(v) = v + 3. Let u be k(-3). Let i be 0 + u + -6 + 13 + 1. Let a = 73 - i. What is the units digit of a?
5
What is the ten thousands digit of 559591/17 + (0 - (-12)/(-102))?
3
Let n(y) = -y + 2. Let k be n(-3). Suppose g + k*m - m - 9 = 0, -3*g + 5 = m. What is the tens digit of (-104)/20*(-4 - g)?
2
What is the tens digit of -1091*(-42)/(-18)*(1 + (-3 - 1))?
3
Let c be (7 - -3) + 2*1. Let o = 18 - c. What is the tens digit of 2 + -2*((-291)/o + -2)?
0
Suppose -3*y = -4*m - 59, 41 = 5*y - 3*m - 39. Let z = y + 20. What is the units digit of z?
3
Suppose 0 = 6*k - 32 + 8. Suppose 26 = k*p - 2*p. Suppose -p*q + 8*q = -280. What is the units digit of q?
6
Let t(n) = n**3 + 4*n**2 + 6*n + 6. Let b be t(-4). Let o(u) = 27*u + 23. Let v be o(b). Let x = -315 - v. What is the hundreds digit of x?
1
Suppose -4*v + 2*x + 29668 = 0, 5*v + 22*x - 21*x - 37085 = 0. What is the hundreds digit of v?
4
Let b(g) be the second derivative of 82*g**3/3 - 210*g**2 + 2*g - 9. What is the hundreds digit of b(6)?
5
Let s(w) = -17*w + 5. Let u be s(1). What is the units digit of 135/(-12)*64/u?
0
Suppose 0 = -2*l + 3*l - 9. Suppose -4*v = -l*v + 10. Suppose -y - v*b = -11, 6 = -2*y + 5*b + 37. What is the tens digit of y?
1
Let l be ((-33)/(-6))/(0 + 2/(-288)). Let s = -470 - l. What is the hundreds digit of s?
3
What is the ten thousands digit of (-692 + -425)/((-2)/(-108)*-2)?
3
Suppose 3178*z - 3193*z = -25215. What is the hundreds digit of z?
6
Suppose -4*c - 13*l + 19930 = -12*l, -2*c = -2*l - 9960. What is the units digit of c?
2
Suppose -76814 = -4*y + a, 5*a - 76778 = 4*y - 8*y. What is the thousands digit of y?
9
Suppose -129*b - 13205 = -99764. What is the tens digit of b?
7
Suppose 3 = -k - 19. Let u = 27 + k. Suppose 20 = u*i - 20. What is the units digit of i?
8
Let f be (-6057)/(-135) - (-2)/15. Let q = f + -41. Suppose -q*n = -n - 222. What is the units digit of n?
4
Let k(u) = 5*u - 84. Let t be k(-39). Let a = t + 579. What is the hundreds digit of a?
3
Suppose u + 127 = 132. What is the hundreds digit of -7 - (-13 + u) - -182?
1
Suppose 8*n - 16*n = -5*w + 6993, 3*n = -2*w + 2791. What is the units digit of w?
7
Let k(o) = 65*o**2 - 24*o - 64. What is the thousands digit of k(-5)?
1
Let h(u) = 25026*u + 3972. What is the hundreds digit of h(3)?
0
Let s(w) = 55 - 17 + 660*w - 10 + 97. What is the thousands digit of s(2)?
1
Let q(b) = -8*b**3 + 6*b - 3. Suppose -3*o + 5*o = 6. Let m be (2 - (o + -4))/(-1). What is the units digit of q(m)?
5
What is the hundreds digit of 1644*8 - (-7 + 6 + -5)?
1
Let h be (0 + 1)*(34 + 5). Suppose 0 = -5*j - t + 626, -3*j + 337 + h = t. Suppose -2*p - 3*p = -j. What is the tens digit of p?
2
Let q = 386 - 362. What is the hundreds digit of ((-8)/(-12))/(q/18756)?
5
Suppose 9412 = 15*m - 3083. Suppose 3*i - m = -176. What is the hundreds digit of i?
2
Let j(z) = 5*z**3 - 11. Let p be -1 + 10 - (-2 - (-7 - -7)). Let h(d) = -9*d**3 + d**2 + 23. Let b(m) = p*j(m) + 6*h(m). What is the units digit of b(-5)?
2
Suppose -29*o + 42*o + 326315 = 24*o. What is the units digit of o?
5
Let r(t) be the first derivative of -71*t**2/2 - 39*t - 156. What is the hundreds digit of r(-11)?
7
Let s(z) = -z**3 + 15*z**2 - 5*z + 1. Let d(v) = 2*v - 4*v + 2*v**3 - 3*v**3 - 4*v**2 + 12*v**2. Let h(m) = -7*d(m) + 3*s(m). What is the tens digit of h(4)?
7
Suppose -4*j + 5*g + 12239 = -3*j, 5*g = 3*j - 36737. What is the ten thousands digit of j?
1
Let m be 6 + 2/(-6) + 2/(-3). Suppose -m*p + 31 = o - 0, -2*p = 2*o - 30. What is the tens digit of o?
1
Suppose 6 = q + 10, 3*q = 5*k - 230862. What is the thousands digit of k?
6
Let z be -3*3/9*1 - -155. Let s = z - 45. What is the units digit of s?
9
Suppose -31*w + 30*w = -2*l - 38637, -3*l + 77232 = 2*w. What is the ten thousands digit of w?
3
Suppose -2*t - 6 + 2 = 0. Let r be 28 + 3 + (-2 - t) + -3. Suppose b - s = 1 + r, 3*b - 5*s - 91 = 0. What is the tens digit of b?
2
Let r = -885 - -479. Let a = r - -630. What is the units digit of a?
4
Suppose -816 - 6212 = 7*m. Let i = -484 - m. What is the units digit of i?
0
Let d(z) = z**2 - 58*z + 755. What is the units digit of d(47)?
8
Suppose 54*o = 59*o - l - 29095, 0 = 4*l. What is the hundreds digit of o?
8
Let k(c) = -3*c - 29. Let f be k(0). Let n = f - -31. Suppose n*m + 572 = 6*m. What is the tens digit of m?
4
Let m(n) = 13*n - 131. Let t be 388/22 + 20/55. What is the tens digit of m(t)?
0
What is the tens digit of ((-5074)/301)/(4/(-1246))?
5
Suppose -353*j + 33741 = -344*j. Suppose -j = -5*i + 2*s, 3*s = 2*i + i - 2253. What is the tens digit of i?
4
Suppose -7*k + 3*k = 4, 3*x + 3*k - 153 = 0. What is the tens digit of (-3616)/(-10) + x/130 - -3?
6
What is the thousands digit of 28/(-126) + (-773591)/(-63)?
2
Let o(l) = 577*l - 8. Let k be ((-3)/12 + 1/(-4))*-4. What is the units digit of o(k)?
6
What is the units digit of 9/27 + 11/(33/55145)?
2
Let s(x) = 166*x**2 - 234*x + 3560. What is the thousands digit of s(14)?
2
Let m = -3606 + 12364. What is the tens digit of m?
5
Let p(r) = r**2 - 3*r + 6. Let x be ((-6)/4)/(3 + (-252)/80). Suppose 0 = 6*j - x*j + 20. What is the units digit of p(j)?
6
Let d = -23 - -20. Let g be d - (7 - 20/5). Let b(i) = -11*i - 20. What is the units digit of b(g)?
6
Suppose -13*z - 2545 = 1329. Let j = z + 350. What is the tens digit of j?
5
Let j(a) = 2*a**2 - 13*a - 12. Let n be j(7). Let h(v) = 7*v**2 + v - 11. Let f be h(n). Suppose -y + 44 = -f. What is the units digit of y?
3
Let z(f) = f - 7. Let a be z(12). Suppose -2*h - 4*h = -a*h. Suppose -o + 12*o - 1903 = h. What i